ousands digit of 1752426387?
2
What is the ten millions digit of 286901406?
8
What is the ten millions digit of 298276362?
9
What is the thousands digit of 64328815?
8
What is the hundred thousands digit of 1961864536?
8
What is the units digit of 37469063?
3
What is the hundred thousands digit of 153718350?
7
What is the hundred thousands digit of 92686352?
6
What is the ten thousands digit of 43783670?
8
What is the tens digit of 2181826211?
1
What is the thousands digit of 210942532?
2
What is the hundred thousands digit of 526575449?
5
What is the thousands digit of 31838994?
8
What is the ten thousands digit of 10827718?
2
What is the hundred thousands digit of 3837569251?
5
What is the ten millions digit of 45335464?
4
What is the tens digit of 755457277?
7
What is the ten millions digit of 25580243?
2
What is the tens digit of 176948219?
1
What is the tens digit of 58823679?
7
What is the ten thousands digit of 56651219?
5
What is the hundred thousands digit of 4047023801?
0
What is the hundred thousands digit of 5888520823?
5
What is the hundred thousands digit of 145673484?
6
What is the ten thousands digit of 75317292?
1
What is the ten millions digit of 144821361?
4
What is the thousands digit of 241343217?
3
What is the tens digit of 118600318?
1
What is the millions digit of 1340480012?
0
What is the hundred thousands digit of 3461654?
4
What is the ten thousands digit of 3252900657?
0
What is the hundred millions digit of 600107366?
6
What is the hundred thousands digit of 108457715?
4
What is the millions digit of 103852124?
3
What is the hundred thousands digit of 1013540411?
5
What is the hundreds digit of 59439018?
0
What is the millions digit of 6558371?
6
What is the millions digit of 682958664?
2
What is the thousands digit of 57996813?
6
What is the thousands digit of 50854405?
4
What is the ten millions digit of 35165020?
3
What is the tens digit of 45042226?
2
What is the tens digit of 90645167?
6
What is the hundreds digit of 1620164858?
8
What is the ten thousands digit of 14468440?
6
What is the millions digit of 55023732?
5
What is the tens digit of 5393871?
7
What is the hundred millions digit of 209528896?
2
What is the tens digit of 41731086?
8
What is the ten millions digit of 148567721?
4
What is the ten thousands digit of 64143140?
4
What is the ten millions digit of 40140793?
4
What is the ten thousands digit of 59683825?
8
What is the hundred thousands digit of 1630000717?
0
What is the hundred thousands digit of 34195592?
1
What is the hundreds digit of 461754318?
3
What is the thousands digit of 159963833?
3
What is the millions digit of 429126332?
9
What is the millions digit of 518904172?
8
What is the hundreds digit of 1144198439?
4
What is the hundred millions digit of 1124018496?
1
What is the ten thousands digit of 722572777?
7
What is the ten thousands digit of 29042503?
4
What is the tens digit of 31931759?
5
What is the tens digit of 4238479750?
5
What is the hundreds digit of 606672021?
0
What is the ten thousands digit of 435241279?
4
What is the ten thousands digit of 41860436?
6
What is the billions digit of 1213334396?
1
What is the hundreds digit of 29491010?
0
What is the ten thousands digit of 1641275844?
7
What is the hundred thousands digit of 1267038387?
0
What is the thousands digit of 8466520025?
0
What is the thousands digit of 23415587?
5
What is the billions digit of 1212672596?
1
What is the millions digit of 502047479?
2
What is the thousands digit of 3370353413?
3
What is the ten millions digit of 214113923?
1
What is the hundreds digit of 294268512?
5
What is the thousands digit of 875937399?
7
What is the units digit of 493275636?
6
What is the ten thousands digit of 58982976?
8
What is the millions digit of 3039851?
3
What is the millions digit of 38618225?
8
What is the millions digit of 3272421?
3
What is the units digit of 44374526?
6
What is the ten thousands digit of 1940894?
4
What is the units digit of 549033964?
4
What is the thousands digit of 147695123?
5
What is the tens digit of 102399243?
4
What is the tens digit of 36050279?
7
What is the millions digit of 54402327?
4
What is the ten thousands digit of 189326727?
2
What is the ten millions digit of 3395567874?
9
What is the units digit of 103106917?
7
What is the units digit of 45833807?
7
What is the tens digit of 1282914232?
3
What is the tens digit of 25424853?
5
What is the thousands digit of 1428492056?
2
What is the ten thousands digit of 189270865?
7
What is the hundreds digit of 202805553?
5
What is the tens digit of 333712541?
4
What is the ten millions digit of 1891948288?
9
What is the thousands digit of 192634791?
4
What is the ten thousands digit of 210770572?
7
What is the thousands digit of 27955900?
5
What is the thousands digit of 1502182523?
2
What is the hundreds digit of 74679683?
6
What is the hundred thousands digit of 90847759?
8
What is the hundreds digit of 1008662506?
5
What is the thousands digit of 1110495572?
5
What is the units digit of 279479594?
4
What is the thousands digit of 91569992?
9
What is the hundreds digit of 98009163?
1
What is the billions digit of 6025569980?
6
What is the hundreds digit of 68750525?
5
What is the units digit of 1680394789?
9
What is the ten thousands digit of 2030317422?
1
What is the tens digit of 1149252564?
6
What is the hundred thousands digit of 480436275?
4
What is the hundred thousands digit of 20284071?
2
What is the thousands digit of 381169054?
9
What is the hundred millions digit of 276814561?
2
What is the millions digit of 1567721945?
7
What is the hundred millions digit of 8083880373?
0
What is the hundred thousands digit of 233426695?
4
What is the tens digit of 518638406?
0
What is the hundred thousands digit of 56556816?
5
What is the ten millions digit of 2978434599?
7
What is the hundreds digit of 14429387?
3
What is the millions digit of 833216987?
3
What is the millions digit of 65420209?
5
What is the hundred millions digit of 328713087?
3
What is the hundreds digit of 81059591?
5
What is the thousands digit of 855780860?
0
What is the ten millions digit of 351206020?
5
What is the millions digit of 901772230?
1
What is the ten thousands digit of 7207905894?
0
What is the hundreds digit of 11845096?
0
What is the tens digit of 3796779?
7
What is the hundred thousands digit of 110008007?
0
What is the hundred thousands digit of 47872527?
8
What is the hundreds digit of 1163047067?
0
What is the ten millions digit of 124352075?
2
What is the hundred millions digit of 136772644?
1
What is the tens digit of 42917438?
3
What is the thousands digit of 2348852?
8
What is the tens digit of 134729592?
9
What is the hundred millions digit of 1920003570?
9
What is the ten millions digit of 113073336?
1
What is the tens digit of 642667777?
7
What is the thousands digit of 468168093?
8
What is the tens digit of 117186040?
4
What is the ten millions digit of 47883438?
4
What is the hundreds digit of 56310064?
0
What is the ten millions digit of 150596831?
5
What is the ten thousands digit of 673859546?
5
What is the ten thousands digit of 108689581?
8
What is the hundreds digit of 45157846?
8
What is the tens digit of 432219668?
6
What is the hundreds digit of 85172014?
0
What is the thousands digit of 90364605?
4
What is the millions digit of 856846666?
6
What is the thousands digit of 154053152?
3
What is the hundreds digit of 8374115811?
8
What is the hundred millions digit of 1363586282?
3
What is the tens digit of 19561125?
2
What is the ten thousands digit of 25764545?
6
What is the millions digit of 569906931?
9
What is the units digit of 143819642?
2
What is the thousands digit of 3561590449?
0
What is the hundred thousands digit of 309541894?
5
What is the ten thousands digit of 885525290?
2
What is the ten thousands digit of 41463078?
6
What is the hundred thousands digit of 58595141?
5
What is the ten millions digit of 1068609140?
6
What is the billions digit of 1927163241?
1
What is the hundred thousands digit of 118979108?
9
What is the hundred thousands digit of 885766?
8
What is the millions digit of 540472288?
0
What is the thousands digit of 329315238?
5
What is the hundred thousands digit of 63068918?
0
What is the unit